 v(l) = -6*l**2 - 64*l + 14. Calculate v(-11).
-8
Let o(z) = -7*z + 99. What is o(14)?
1
Let c(m) = -2*m**2 + 3*m - 3. Calculate c(3).
-12
Let o(t) = -12*t + 49. Calculate o(5).
-11
Let u(w) = 4*w**2 + 3. What is u(-2)?
19
Let x(d) = -d - 1. Calculate x(27).
-28
Let s(q) = -q**3 + 28*q**2 - 31*q + 104. What is s(27)?
-4
Let v(g) = g**3 + 2*g**2 - 4*g - 2. What is v(-4)?
-18
Let o(n) = -n**2 - 27*n + 40. Calculate o(-27).
40
Let f(o) = -o**2 - 3*o - 14. Give f(-6).
-32
Let g(k) = -k**3 + 6*k**2 - 13*k + 5. Calculate g(6).
-73
Let s(m) = 4*m - 34. Give s(10).
6
Let r(p) = p**2 - 3*p - 13. Give r(3).
-13
Let v(j) = -44*j - 4. What is v(-2)?
84
Let q(o) = -47*o + 446. Calculate q(9).
23
Let m(a) = -18*a - 61. What is m(-3)?
-7
Let m(t) = -11*t + 48. Determine m(0).
48
Let q(a) = -2*a**2 - 65*a - 237. Calculate q(-4).
-9
Let f(l) = -l**2 - 9*l - 12. Calculate f(-7).
2
Let n(j) = 3*j**2 - 2*j - 3. Determine n(-2).
13
Let w(f) = 2*f**2 + 36*f - 4. Give w(-18).
-4
Let l(o) = 2*o - 4. Calculate l(-2).
-8
Let m(b) = -31*b + 892. Determine m(29).
-7
Let p(a) = 2*a**3 - 3*a**2 - 6*a + 12. What is p(2)?
4
Let x(f) = -9*f + 3. Determine x(0).
3
Let d(g) = -3*g**2 + 13*g - 24. Calculate d(6).
-54
Let m(g) = -g**2 + 2. Give m(-5).
-23
Let a(m) = 133*m + 122. Calculate a(-1).
-11
Let c(w) = -4*w**2 + 23*w + 9. Calculate c(7).
-26
Let z(k) = k**2 - 6*k + 6. Give z(7).
13
Let a(o) = o**2 - o - 1. Calculate a(3).
5
Let g(u) = 2*u**2 + 10*u - 22. Give g(-7).
6
Let l(s) = 4*s**2 - 12*s + 9. Determine l(2).
1
Let j(d) = -4*d + 28. Determine j(8).
-4
Let k(u) = -3*u**2 + 26*u + 7. Determine k(10).
-33
Let g(c) = c**3 + 5*c**2 + 5*c - 5. What is g(-5)?
-30
Let x(b) = -b**2 - 27*b + 232. Calculate x(-34).
-6
Let t(g) = -3*g**2 - 3*g - 4. Give t(-5).
-64
Let i(o) = -2*o**2 + o - 2. Calculate i(3).
-17
Let j(h) = 9*h**2 + 59*h + 19. Calculate j(-6).
-11
Let t(w) = 16*w - 66. Give t(4).
-2
Let c(l) = l**3 + 3*l**2 - 4*l - 1. What is c(-3)?
11
Let p(b) = -b**3 - 24*b**2 - 66*b - 16. Calculate p(-21).
47
Let o(y) = y**2 + 8*y - 83. What is o(-14)?
1
Let k(h) = 3*h**2 + 20*h - 3. Give k(-7).
4
Let a(q) = -q**2 + 4*q + 15. What is a(6)?
3
Let k(c) = -c**3 - 6*c**2 - 8*c - 7. Determine k(-5).
8
Let n(p) = -4*p**2 - 18*p + 32. What is n(-8)?
-80
Let d(b) = 3*b**2 - b + 1. What is d(3)?
25
Let w(a) = -3*a**3 + 2*a**2 + 8*a - 8. Determine w(4).
-136
Let w(q) = -2*q**3 + 9*q**2 - q + 1. Calculate w(4).
13
Let q(d) = -7*d + 10. What is q(9)?
-53
Let a(s) = -s**3 + 12*s + 17. Calculate a(4).
1
Let v(d) = d**2 + d - 10. What is v(-8)?
46
Let x(z) = -8*z - 18. Determine x(-8).
46
Let y(f) = -f**2 - 21*f - 12. Determine y(-16).
68
Let p(z) = -z**3 + z**2 - 2*z + 1. Give p(2).
-7
Let x(t) = -6*t - 2. What is x(-5)?
28
Let r(l) = -4*l - 35. Calculate r(-9).
1
Let g(x) = x**2 + 6*x - 5. Give g(-7).
2
Let c(x) = x**2 + 11*x + 4. Determine c(-9).
-14
Let v(p) = 8*p - 15. Calculate v(1).
-7
Let g(x) = -x**2 + 7*x + 10. What is g(9)?
-8
Let o(c) = c**3 - 4. Determine o(0).
-4
Let u(i) = -2*i + 41. Give u(10).
21
Let n(t) = -2*t**2 - 10*t - 8. Give n(-6).
-20
Let c(u) = -13*u**3 + u**2 - u + 1. What is c(1)?
-12
Let w(s) = 18*s**3 - s**2 + 4*s - 6. What is w(2)?
142
Let v(y) = 4*y - 8. Give v(7).
20
Let i(k) = k**2 - 17*k - 165. Give i(24).
3
Let q(g) = 7*g**2 + 51*g + 7. Determine q(-7).
-7
Let b(c) = -5*c - 41. What is b(-8)?
-1
Let j(x) = x**2 - 15*x + 20. Give j(0).
20
Let j(g) = 9*g - 7. Determine j(2).
11
Let a(s) = s**2 - 2*s + 10. Give a(9).
73
Let x(g) = -g**2 + 9*g - 10. Calculate x(5).
10
Let j(u) = -12*u + 45. What is j(5)?
-15
Let z(l) = -l**3 + 16*l**2 + 4*l - 52. Calculate z(16).
12
Let s(j) = j**3 - 7*j**2 + 10*j - 31. Give s(7).
39
Let v(r) = -r**3 - 7*r**2 - 3*r - 2. Determine v(-6).
-20
Let f(o) = o**2 - 3*o - 3. Determine f(3).
-3
Let p(u) = -3*u - 22. Determine p(-7).
-1
Let y(f) = 2*f**3 + 20*f**2 + 10*f + 19. Calculate y(-9).
91
Let a(z) = -z**3 + 6*z**2 - 9*z + 13. Determine a(4).
9
Let b(l) = l**3 - 8*l - 14. Calculate b(-4).
-46
Let t(v) = 24*v - 1493. What is t(62)?
-5
Let n(c) = c**2 - 8*c + 19. Calculate n(9).
28
Let z(y) = -9*y**3 + 3*y + 2. Give z(-2).
68
Let h(m) = -3*m + 25. What is h(7)?
4
Let j(u) = u**3 - 4*u**2 - 7*u - 4. What is j(5)?
-14
Let s(b) = 2*b**2 + 14*b + 29. What is s(-10)?
89
Let l(z) = -25*z + 14. What is l(2)?
-36
Let n(k) = k**2 - 8*k - 35. What is n(12)?
13
Let a(j) = j**3 - 8*j**2 - j + 14. Give a(8).
6
Let q(c) = -2*c**2 + 3*c + 9. Give q(-7).
-110
Let p(a) = -4*a + 4. Calculate p(-6).
28
Let o(t) = t**2 + 10*t + 18. Give o(-3).
-3
Let k(f) = -f**2 + 5*f + 122. Determine k(-9).
-4
Let a(l) = l**3 + 6*l**2 + 5*l + 6. Give a(-4).
18
Let k(v) = 3*v**2 - 10*v - 8. Give k(4).
0
Let d(c) = -6*c - 24. Calculate d(-5).
6
Let n(m) = 2*m + 9. What is n(1)?
11
Let u(g) = 27*g + 29. Calculate u(-1).
2
Let o(y) = -y - 3. Give o(-10).
7
Let m(s) = 3*s - 82. Give m(30).
8
Let m(z) = z**2 + 9*z - 25. What is m(-11)?
-3
Let a(w) = -32*w - 356. Give a(-11).
-4
Let x(u) = -u - 24. Determine x(0).
-24
Let q(i) = -5*i**3 - 15*i**2 - 21*i - 6. Determine q(-1).
5
Let v(k) = k**3 - 3*k**2 + k - 1. Calculate v(3).
2
Let d(p) = p**2 - 17. Calculate d(0).
-17
Let z(o) = -2*o**3 - 10*o**2 - 6*o + 4. Calculate z(-4).
-4
Let k(f) = f**3 - 18*f**2 + f - 19. What is k(18)?
-1
Let l(b) = -b**3 + 18*b**2 + b - 18. What is l(18)?
0
Let w(k) = 5*k - 22. What is w(4)?
-2
Let k(y) = -4*y**2 + 6*y + 24. Calculate k(-3).
-30
Let x(r) = -r**3 + 9*r**2 - r + 3. What is x(9)?
-6
Let o(r) = -3*r + 6. Give o(7).
-15
Let w(o) = 9*o + 12. Calculate w(-1).
3
Let q(r) = 3*r**3 + 2*r**2 + 2*r + 6. Determine q(-3).
-63
Let z(t) = 2*t**2 - 16*t + 6. Determine z(8).
6
Let u(t) = 11*t + 49. Give u(-4).
5
Let h(a) = -a**2 + 17*a - 72. What is h(8)?
0
Let h(l) = -l**3 - 6*l**2 - 2*l + 1. What is h(-6)?
13
Let r(u) = u**3 - 4*u**2 - 5*u + 11. Determine r(4).
-9
Let b(d) = d**2 - 8*d + 18. What is b(6)?
6
Let q(a) = -2*a**2 + a + 4. Calculate q(3).
-11
Let d(t) = 4*t + 38. Calculate d(-9).
2
Let l(b) = -b**3 - 7*b**2 - 9*b - 1. Give l(-6).
17
Let r(w) = 83*w**3 - w**2 + 6*w - 4. What is r(1)?
84
Let d(t) = -2*t**2 - 5*t. What is d(-4)?
-12
Let w(j) = -21*j - 625. What is w(-30)?
5
Let d(z) = -11*z + 29. Give d(-5).
84
Let g(l) = -l + 3. Calculate g(-14).
17
Let j(p) = -p - 10. Calculate j(-5).
-5
Let u(f) = -f**2 + 23*f + 45. What is u(25)?
-5
Let y(p) = -p**2 + 18*p + 11. Calculate y(18).
11
Let a(h) = -19*h**2 - 3*h - 1. What is a(-1)?
-17
Let u(l) = -3*l - 20. What is u(-7)?
1
Let b(h) = h**3 + 26*h**2 + 48*h. What is b(-24)?
0
Let p(i) = i**3 + 4*i**2 - 4*i + 5. Determine p(-5).
0
Let f(z) = -3*z - 17. Give f(-11).
16
Let l(c) = c**3 + 17*c**2 + 20*c - 7. What is l(-15)?
143
Let w(a) = -a**3 + 4*a**2 + 7*a + 2. What is w(5)?
12
Let x(o) = -o**2 - 22*o + 3. Determine x(-23).
-20
Let h(q) = q**3 - 2*q**2 - 3*q - 11. What is h(4)?
9
Let b(f) = 5*f**2 + 29*f. Determine b(-6).
6
Let t(c) = -c**2 + 7*c - 13. Determine t(-9).
-157
Let q(z) = -z**2 - 30*z - 107. Give q(-4).
-3
Let h(d) = d**2 + 2*d - 14. Calculate h(-7).
21
Let j(c) = c**2 - 14*c + 17. Give j(13).
4
Let x(i) = -3*i + 29. What is x(-12)?
65
Let j(u) = u + 23. Determine j(-24).
-1
Let u(f) = -f**3 + 12*f**2 - 15*f + 8. Give u(10).
58
Let i(t) = -t**3 - 18*t**2 + 40*t + 11. Calculate i(-20).
11
Let m(l) = -4*l**2 + 71*l + 22. Give m(18).
4
Let u(a) = 7*a + 9. Give u(-7).
-40
Let d(p) = -2*p**3 - 2*p**2 + 6*p + 3. Give d(-2).
-1
Let t(o) = o - 8. Give t(3).
-5
Let z(q) = -q**2 - 56*q - 380. Determine z(-48).
4
Let z(r) = -r**2 - 2*r + 8. Give z(9).
-91
Let c(f) = -4*f - 17. What is c(-7)?
11
Let k(u) = 17*u - 480. Calculate k(28).
-4
Let v(j) = 4*j**2 + j + 2. Determine v(-2).
16
Let z(v) = v**2 + 13*v - 29. Calculate z(-13).
-29
Let i(t) = 4*t + 25. Calculate i(-5).
5
Let b(o) = -o**2 + 4*o. Give b(2).
4
Let v(a) = -10*a + 30. What is v(5)?
-20
Let t(b) = -4*b**3 - 29*b**2 - 9*b + 10. Give t(-7).
24
Let c(t) = 2*t**2 + 10*t + 15. Determine c(-2).
3
Let w(u) = -47*u + 1. Give w(-1).
48
Let d(p) = -p**3 + 17*p**2 - 16*p + 15. What is d(16)?
15
Let v(k) = k**3 - 14*k**2 + 11*k + 14. Calculate v(13).
-12
Let q(m) = -m + 22. Give q(6).
16
Let a(d) = d**3 - 3*d**2 + d + 7. What is a(-3)?
-50
Let n(g) = g**2 - 8*g + 8. Calculate n(7).
1
